{"id":2,"date":"2023-04-01T23:01:05","date_gmt":"2023-04-01T23:01:05","guid":{"rendered":"https:\/\/www.tatianatrojanowska.com\/?page_id=2"},"modified":"2023-05-09T11:24:55","modified_gmt":"2023-05-09T11:24:55","slug":"o_mnie","status":"publish","type":"page","link":"https:\/\/www.tatianatrojanowska.com\/index.php\/o_mnie\/","title":{"rendered":"O mnie"},"content":{"rendered":"\n<div class=\"wp-block-buttons is-layout-flex\">\n<div class=\"wp-block-button\"><a class=\"wp-block-button__link wp-element-button\" href=\"https:\/\/www.tatianatrojanowska.com\">POWR\u00d3T NA STRON\u0118 G\u0141OWN\u0104<\/a><\/div>\n<\/div>\n\n\n\n<p><\/p>\n\n\n\n<blockquote class=\"wp-block-quote\">\n<p>Jestem absolwentk\u0105 studi\u00f3w wokalno-aktorskich na Uniwersytecie Muzycznym Fryderyka Chopina w Warszawie i doktoranckich studi\u00f3w muzykologicznych w Katedrze Etnomuzykologii i Hymnologii KUL JPII.<\/p>\n\n\n\n<p>Wyst\u0119powa\u0142am na r\u00f3\u017cnych koncertach i festiwalach muzycznych w kraju i za granic\u0105, m. in. Festiwal Spotka\u0144 Kultur Caper Lublinensis 2011 organizowanego przez Filharmoni\u0119 im. H. Wieniawskiego w Lublinie (recital wokalny pie\u015bni rosyjskich), Wieczory Muzyczne przy organach Wagnera w Siedlcach, Kameralne spotkania z muzyk\u0105 organow\u0105 \u2013 Cztery Pory Muzyki w Siemiatyczach, Wieczory kameralistyki organowej w Warszawie, sceny z oper Mozarta Mozartoskop 3.0 wykonanie koncertowe w Uniwersytecie Muzycznym Fryderyka Chopina w Warszawie, Noworoczne Spotkanie Polskich Medi\u00f3w 2016 w Pa\u0142acu Kultury i Nauki w Warszawie, VII edycja festiwalu z okazji urodzin Fryderyka Chopina w Warszawie Koncerty Urodzinowe Fryderyka Chopina, IV Festiwal Piosenki Anny German \u201eEurydyka\u201d 2015 w Mi\u0144sku (Bia\u0142oru\u015b), V Legnicki Festiwal Romansu Polsko-Rosyjskiego im. Lidii Nowikowej 2016, Recital wokalny w ramach V Koncertu Muzyki Organowej 2017 w Ple\u015bnej, XL Mi\u0119dzynarodowy Festiwal Muzyki Organowej i Kameralnej 2017 w Gi\u017cycku itd.<\/p>\n\n\n\n<p>Jestem laureatk\u0105 konkursu IV Festiwalu Piosenki Anny German \u201eEurydyka\u201d 2015 w Mi\u0144sku (Bia\u0142oru\u015b), laureatk\u0105 nagrody Grand Prix w Konkursie Pie\u015bni Papieskiej IV Festiwalu Dziedzictwa Jana Paw\u0142a II, bra\u0142am udzia\u0142 w mi\u0119dzynarodowych konkursach wokalnych w Polsce, na Bia\u0142orusi i na S\u0142owacji).Posiadam na swoim koncie nagranie p\u0142yt CD z Msz\u0105 \u201eKoronacyjn\u0105\u201d C-dur KV 317 W.A. Mozarta. Nagranie zosta\u0142o zrealizowane podczas koncertu w Sindelfingen (Niemcy) pod dyrekcj\u0105 Machaela Kuhn, gdzie wykona\u0142am solow\u0105 parti\u0119 sopranow\u0105.<br>Wsp\u00f3lnie z kompozytork\u0105 Vlast\u0105 Traczyk, z kt\u00f3r\u0105 stale wsp\u00f3\u0142pracuj\u0119, zosta\u0142a nagrana i wydana debiutancka p\u0142yta artystek \u201ePo prostu b\u0105d\u017a\u2026\u201d, zawieraj\u0105ca program autorski.<\/p>\n\n\n\n<p>W dorobku artystycznym mam wykonanie partii Hrabiny w operze W.A. Mozarta Wesele Figara i partii Tatiany w operze P. Czajkowskiego Eugeniusz Oniegin.<\/p>\n\n\n\n<p>Wykonuj\u0119 repertuar oratoryjno-kantatowy oraz pie\u015bni.<br>W\u015br\u00f3d wykonanych dzie\u0142 oratoryjnych znajduje si\u0119 Requiem d-moll KV 626 W.A. Mozarta, Msza \u201eKoronacyjna\u201d C-dur KV 317 W.A. Mozarta, C\u00e4cilienmesse Ch. Gounoda. <br>W\u015br\u00f3d repertuaru pie\u015bniarskiego szczeg\u00f3ln\u0105 uwag\u0119 zwracaj\u0105 na siebie pie\u015bni s\u0142owia\u0144skich kompozytor\u00f3w, m.in. wybrane pie\u015bni S. Moniuszki, F. Chopina, S. Rachmaninowa, P. Czajkowskiego, A. Dvo\u0159\u00e1ka i innych kompozytor\u00f3w.<\/p>\n\n\n\n<p>Z ogromnym zami\u0142owaniem wykonuj\u0119 poezj\u0119 \u015bpiewan\u0105 i obdarzam szczeg\u00f3ln\u0105 mi\u0142o\u015bci\u0105 tw\u00f3rczo\u015b\u0107 Anny German.<\/p>\n\n\n\n<p>Wsp\u00f3\u0142pracowa\u0142am z teatrami muzycznymi i dramatycznymi, m. in. z Teatrem Muzycznym w Lublinie, Warszawsk\u0105 Oper\u0105 Kameraln\u0105, Teatrem Collegium Nobilium w Warszawie, Teatrem Polskim im. Arnolda Szyfmana (Salon Poezji \u2013 Poeci pie\u015bni Moniuszkowskich) w Warszawie, Teatrem Druga Strefa w Warszawie (koncert piosenek Anny German i repertuar autorski).<\/p>\n\n\n\n<p>Opr\u00f3cz aktywnej dzia\u0142alno\u015bci artystycznej zajmuj\u0119 si\u0119 r\u00f3wnie\u017c dzia\u0142alno\u015bci\u0105 pedagogiczn\u0105. Prowadz\u0119 warsztaty wokalne\/emisji g\u0142osu oraz lekcje \u015bpiewu, wsp\u00f3\u0142pracuj\u0105c z r\u00f3\u017cnymi instytucjami, m.in. z Diecezjalnym Studium Muzyki Ko\u015bcielnej w Siedlcach, ze Szko\u0142\u0105 Muzyczn\u0105 I st. Presto w Warszawie. W latach 2013-2017 prowadzi\u0142am zaj\u0119cia \u015bpiewu w Dzieci\u0119cym Zespole Pie\u015bni i Ta\u0144ca Varsovia.<\/p>\n<\/blockquote>\n\n\n\n<p><\/p>\n\n\n\n<div class=\"wp-block-buttons is-layout-flex\">\n<div class=\"wp-block-button\"><a class=\"wp-block-button__link wp-element-button\" href=\"https:\/\/www.tatianatrojanowska.com\">POWR\u00d3T NA STRON\u0118 G\u0141OWN\u0104<\/a><\/div>\n<\/div>\n","protected":false},"excerpt":{"rendered":"<p>Jestem absolwentk\u0105 studi\u00f3w wokalno-aktorskich na Uniwersytecie Muzycznym Fryderyka Chopina w Warszawie i doktoranckich studi\u00f3w muzykologicznych w Katedrze Etnomuzykologii i Hymnologii KUL JPII. Wyst\u0119powa\u0142am na r\u00f3\u017cnych koncertach i festiwalach muzycznych w kraju i za granic\u0105, m. in. Festiwal Spotka\u0144 Kultur Caper Lublinensis 2011 organizowanego przez Filharmoni\u0119 im. H. Wieniawskiego w Lublinie (recital wokalny pie\u015bni rosyjskich), Wieczory [&hellip;]<\/p>\n","protected":false},"author":1,"featured_media":0,"parent":0,"menu_order":0,"comment_status":"closed","ping_status":"closed","template":"","meta":{"om_disable_all_campaigns":false,"_mi_skip_tracking":false,"_monsterinsights_sitenote_active":false,"_monsterinsights_sitenote_note":"","_monsterinsights_sitenote_category":0},"aioseo_notices":[],"_links":{"self":[{"href":"https:\/\/www.tatianatrojanowska.com\/index.php\/wp-json\/wp\/v2\/pages\/2"}],"collection":[{"href":"https:\/\/www.tatianatrojanowska.com\/index.php\/wp-json\/wp\/v2\/pages"}],"about":[{"href":"https:\/\/www.tatianatrojanowska.com\/index.php\/wp-json\/wp\/v2\/types\/page"}],"author":[{"embeddable":true,"href":"https:\/\/www.tatianatrojanowska.com\/index.php\/wp-json\/wp\/v2\/users\/1"}],"replies":[{"embeddable":true,"href":"https:\/\/www.tatianatrojanowska.com\/index.php\/wp-json\/wp\/v2\/comments?post=2"}],"version-history":[{"count":7,"href":"https:\/\/www.tatianatrojanowska.com\/index.php\/wp-json\/wp\/v2\/pages\/2\/revisions"}],"predecessor-version":[{"id":272,"href":"https:\/\/www.tatianatrojanowska.com\/index.php\/wp-json\/wp\/v2\/pages\/2\/revisions\/272"}],"wp:attachment":[{"href":"https:\/\/www.tatianatrojanowska.com\/index.php\/wp-json\/wp\/v2\/media?parent=2"}],"curies":[{"name":"wp","href":"https:\/\/api.w.org\/{rel}","templated":true}]}}